36. Suppose o*h - 4329 = 941. What is the units digit of h?
4
Let b = 69 + -66. What is the units digit of b/(12*(-1)/(-1996))?
9
Let o = 119 + -125. Let d be 19282/(-93) - (-4)/o. Let l = d + 446. What is the tens digit of l?
3
Suppose -3*s - 16711 = -2*n, 220*s = 215*s + 15. What is the units digit of n?
0
Let j(d) = 4*d**3 + 17*d**2 - 7*d. Let r(p) = 3*p**3 + 14*p**2 - 6*p + 1. Let i(y) = -2*j(y) + 3*r(y). What is the units digit of i(7)?
0
Let x(n) = -n**2 - 161 - 155 - n**3 - 5*n + 749. What is the tens digit of x(0)?
3
Let m = 73109 + -49294. What is the tens digit of m?
1
Let x be (354 - 1)*3/(-6)*2. Let w = 255 - x. What is the units digit of w?
8
Suppose -4*w = -5*d - 16, -d - 3*w = -2*w + 5. Let r(x) = -3*x**3 - x**2 - 7*x + 1. What is the tens digit of r(d)?
0
Let v = -16317 - -27449. Suppose -v = -21*n - 4181. What is the units digit of n?
1
Suppose -3*u - 2*b = -494, b = -5*u + 2*u + 499. Suppose 5*k + 5*q - 15 = 0, 3*q - 8*q - 3 = -k. What is the units digit of (-1)/(501/u - k)?
6
Let r be 153/((9/(-666))/(-1)). Suppose r = 51*s - 21930. What is the units digit of s?
2
Suppose 3*m - 116276 = -1678*a + 1676*a, a + m = 58139. What is the ten thousands digit of a?
5
What is the thousands digit of (-308)/(-44) + (-2 - -7113)?
7
Let o = -3522 - -4201. What is the tens digit of o?
7
What is the tens digit of (103 - -242)*(-198)/(-10)?
3
Suppose o - 5*o = 2*c, 4*c + o = -7. What is the tens digit of 2/(-6) + (-2822)/(-6) + c?
6
Let z = -232 - -508. Suppose 0 = -8*d + z + 2164. What is the tens digit of d?
0
Let q(y) = 5*y**2 + 6*y + 11. Let j(l) = -6*l**2 - 6*l - 12. Let o(d) = 4*j(d) + 5*q(d). Let n be o(-3). What is the tens digit of 217 + n - (12/3 + -4)?
1
What is the tens digit of (271 - -39857) + 7 + 0?
3
Suppose 2*r - 7*r = -5*m, 0 = -3*m + 3. What is the hundreds digit of ((-21155)/(-60) - r/3)*4?
4
What is the tens digit of ((49/(-6))/7)/((-349)/6635886)?
8
Let y = -1935 + 2820. Suppose 58*o - y = 55*o. What is the units digit of o?
5
Suppose -3*l = 5*i - 5148, -4*l = 2*i - 3*i + 1048. Let c = -609 + i. What is the hundreds digit of c?
4
Suppose -49 = -0*z - z. Let r = z + -52. What is the units digit of 31*((-9)/r + -2)?
1
Suppose 5*o + h + 2*h = -84, 3*h + 66 = -4*o. Let j(t) be the second derivative of -t**3/6 + 19*t**2/2 + 389*t. What is the tens digit of j(o)?
3
Suppose 572*z - 565*z = 25158. What is the tens digit of z?
9
Let x = -171 + 541. Let j = -268 + x. What is the hundreds digit of j?
1
Let u be 10/(360/(-2532))*(7 + -4). Suppose -4*g - 3*z - 113 = 0, 18 = -5*g + 2*z - 106. Let n = g - u. What is the hundreds digit of n?
1
Suppose 10*h = -29005 + 76955. What is the hundreds digit of h?
7
Suppose 7*x - 372 = 2*x - 4*r, 0 = -x + 4*r + 84. Let b = -65 + x. Suppose -b = p - 31. What is the units digit of p?
0
Let c(y) = 4*y + 2. Let w be c(-1). Let x = 0 - w. What is the tens digit of x/4 + (-518)/(-28)?
1
Let i be (14/(3 - -4))/(1/7). Suppose 13*j + 1444 = i*j. What is the hundreds digit of j?
4
Let p = 14 - 14. Let b be p + -2 + (-8)/(-4). Let q = b - -51. What is the tens digit of q?
5
Suppose 2*l - 4442 - 1690 = 0. What is the tens digit of l/9 - -2 - 4/6?
4
Let o = -1643 + 881. Let l = -457 - o. What is the tens digit of l?
0
Suppose 3*a - 5047 = -5*h, 2949 = 7*h - 5*a - 4034. What is the units digit of h?
4
Suppose -5*b + 3*b - 4*s = -14, -3*s + 15 = 3*b. Suppose -b*i = 3, -i + 4*i - 8 = -x. Suppose x*d - 16*d + 505 = 0. What is the hundreds digit of d?
1
Let t = -72 + 53. Let c(f) = -f**3 - 19*f**2 - 14*f + 8. What is the units digit of c(t)?
4
Suppose -2*w - 12 = -4*w, w - 26591 = -5*x. What is the tens digit of x?
1
Let g be (((-2880)/(-56))/9)/((-4)/(-14)). Suppose -35*d = -g*d - 13350. What is the units digit of d?
0
Let m(k) = 7*k**2 - 16*k - 44. Let t be m(-6). Let y = t + -110. What is the units digit of y?
4
Let t(v) = -35*v + 72. Let f be t(2). Suppose 0 = 3*n - 4*p + f*p - 907, -8 = 4*p. What is the tens digit of n?
0
Let c = 40 - 60. Let j(b) = 0*b**3 - b + 26 - 20*b**2 + b - b**3. What is the units digit of j(c)?
6
Suppose -5*u + 372 = -7*j + 3*j, 4*u = 3*j + 278. Suppose 29684 = 250*h - 86*h. Let c = j + h. What is the units digit of c?
3
Let g be (0 + 2/(-6))*-4875. Let w = g - 811. What is the units digit of w?
4
Let s(w) = -4684*w**3 - 3*w**2 + 3*w + 1. Let k be s(2). What is the hundreds digit of 1*(2/12 + k/(-66))?
5
Let q = -676 - -743. Let k = q - -1100. What is the thousands digit of k?
1
Let i be 357/6 - (-3)/(-6). Let p be 20/(-16)*(3 - i)/2. Suppose -4*a = -2*a - 2, -t + p = -3*a. What is the tens digit of t?
3
Suppose 2*d + 25 = 7*d. Let t be -7*((-4 - -2) + 1). Suppose -d*n + 28 = -t. What is the units digit of n?
7
Let a(l) = 2*l**3 + 6*l**2 + 10*l + 3. Let v be ((-2)/5)/((-3)/(-30)). Let s be a(v). Let f = -33 - s. What is the units digit of f?
6
Let l be (700/16 - 3)*(9 + -5). Suppose -l*y + 178*y = 9645. What is the tens digit of y?
4
Let k = 272 - -9851. What is the thousands digit of k?
0
Suppose -4*g - 3 = -h, 0 = -2*h - 0*h + 2*g + 6. Let s be h*(-4 + -1)/(-5). Suppose -4*k + 188 = 5*u - 89, -5*k + 356 = s*u. What is the units digit of k?
3
Let r be -52*(-2)/(32/92). Suppose 6*z - r - 463 = 0. Suppose l - z + 32 = 0. What is the units digit of l?
5
What is the hundreds digit of 57950 + (-30)/(-12)*-4 + 21?
9
Suppose 4*u + 3*z + 10 = -19, -35 = 5*u + 5*z. Let a = 11 + u. Suppose -i + 191 = 5*y, -i = -6*i - a*y + 911. What is the hundreds digit of i?
1
Let u(d) = 11*d - 10. Suppose 22 = -m + 3*m. What is the units digit of u(m)?
1
Suppose -2 + 0 = -v. Suppose -4*m = 3*a - 197, 3*m + 0*m = -v*a + 147. Let b = m + -30. What is the units digit of b?
7
Let g(j) = 9502*j + 367. What is the hundreds digit of g(1)?
8
Suppose -4*y - 6692 = -4*v, 0 = 3*y - y. Suppose -5*l + v = 2*k + 286, 0 = l - 5*k - 272. What is the units digit of l?
7
Let r(x) be the second derivative of 2*x**3 - 14*x**2 + 41*x. Let c be r(4). What is the units digit of (-6)/4*(-24 + c)?
6
Let m(p) = p**3 - 19*p**2 - 2*p + 39. Let x(j) = -4*j**3 + 5*j - 2. Let a be x(-2). What is the units digit of m(a)?
9
What is the tens digit of ((-6)/5 - (-670)/100)*12204?
2
Suppose 5*r = 122 + 123. Let w = 1086 - 1110. Let c = w + r. What is the tens digit of c?
2
What is the tens digit of 2/(-14)*2 + 83404660/5180?
0
Suppose 98*q - 1624409 = 514245. What is the ten thousands digit of q?
2
Suppose -45*c + 40320 = -31*c. What is the thousands digit of c?
2
Let i(m) = m**3 - 72*m**2 + 27*m - 292. What is the tens digit of i(77)?
3
Let f = 24765 + 8476. What is the thousands digit of f?
3
Let u be (-1)/2 - (-125)/(-20)*-2. Let z(s) = s**3 - 11*s**2 + 6*s + 22. What is the units digit of z(u)?
8
Suppose 80652 = 1393*k - 1381*k. What is the tens digit of k?
2
Let z = -36 + 41. Suppose 2*c - 3 = j, z*j = -c - 3*c + 27. Suppose 0 = 4*m - c*k - 555, -4*k - 9 - 551 = -4*m. What is the units digit of m?
5
Let i = 19456 - 5269. What is the ten thousands digit of i?
1
Suppose -50*b - 46*b = -b - 520410. What is the tens digit of b?
7
What is the hundreds digit of (-545064)/(-195) - 1/5?
7
Suppose -12*v + 14507 = 4*d - 15*v, -d + 2*v = -3633. What is the hundreds digit of d?
6
Let m(p) = 18*p**3 - 83*p**2 - 31*p + 612. Let x(n) = 5*n**3 - 28*n**2 - 10*n + 204. Let q(r) = -2*m(r) + 7*x(r). What is the units digit of q(-31)?
3
Let n(k) = 12*k**2 - 188*k + 145. What is the tens digit of n(-24)?
6
Suppose 10*l - 12*l + 2*q + 6 = 0, -5*q - 11 = -3*l. Suppose -3*n - u = u - 2203, -5*u = l*n - 1476. What is the tens digit of n?
3
Let h = 66 - -8016. What is the hundreds digit of h?
0
Let p(r) = -r**3 - 3*r**2 - 5*r - 3. Let g be p(-4). Suppose -684 = -99*l + 61*l. What is the tens digit of 3/(-9) - -46*g/l?
8
Suppose -18*m + 1312630 = 28*m - 730322. What is the units digit of m?
2
Suppose -490*i + 102669 = -469*i. What is the units digit of i?
9
Let i be 50/15 - (-3)/(-9). Suppose 0*a + 4*a = -8, -i*f - a = 2. What is the tens digit of (f + 68)*20/8?
7
Let y(m) = -10*m**3 + 2*m**2 + 6*m - 11. What is the tens digit of y(-4)?
3
Let q = -11137 - -18909. What is the hundreds digit of q?
7
Let c(o) = 1400*o - 168. What is the units digit of c(16)?
2
Suppose 0 = -8*q + 7*q + 56. Let v be (q/(-20) + 2)*15/(-3). Suppose -32 = -h + z + 28, v*h - 275 = -